23, 904801
List the prime factors of 2747381114.
2, 19, 3805237
List the prime factors of 4086169130.
2, 5, 17, 24036289
What are the prime factors of 131267326?
2, 53, 1238371
What are the prime factors of 161115055?
5, 32223011
What are the prime factors of 194177505?
3, 5, 109, 113, 1051
List the prime factors of 593771580.
2, 3, 5, 17, 71, 911
List the prime factors of 90729209.
79, 83, 101, 137
What are the prime factors of 60225236?
2, 47, 563, 569
List the prime factors of 1254630347.
14519, 86413
List the prime factors of 42566666.
2, 21283333
What are the prime factors of 580719910?
2, 5, 58071991
What are the prime factors of 107524143?
3, 11947127
List the prime factors of 1006839179.
1006839179
What are the prime factors of 181549815?
3, 5, 2521, 4801
List the prime factors of 26256309.
3, 19, 460637
List the prime factors of 777305522.
2, 7, 941, 8429
List the prime factors of 4238062962.
2, 3, 7, 61, 1654201
List the prime factors of 890123257.
79, 11267383
List the prime factors of 374139819.
3, 37, 73, 15391
What are the prime factors of 132540715?
5, 149, 177907
List the prime factors of 6938213.
6938213
List the prime factors of 242868104.
2, 30358513
List the prime factors of 2118709750.
2, 5, 563, 15053
List the prime factors of 40406154.
2, 3, 43, 199, 787
What are the prime factors of 25570542?
2, 3, 19, 224303
List the prime factors of 517149995.
5, 103429999
List the prime factors of 268570188.
2, 3, 2486761
What are the prime factors of 15120010?
2, 5, 19, 79579
List the prime factors of 524192564.
2, 7, 18721163
What are the prime factors of 124490126?
2, 37, 103, 16333
List the prime factors of 2883347887.
7, 411906841
What are the prime factors of 15453068?
2, 17, 227251
List the prime factors of 371138882.
2, 31, 5986111
List the prime factors of 1309794097.
197, 6648701
List the prime factors of 339283258.
2, 23, 449, 16427
List the prime factors of 2726847597.
3, 908949199
List the prime factors of 1254582271.
1254582271
List the prime factors of 1974993412.
2, 7, 163, 61819
What are the prime factors of 45200545?
5, 13, 67, 97, 107
List the prime factors of 477254244.
2, 3, 39771187
What are the prime factors of 511622?
2, 491, 521
List the prime factors of 98983409.
7, 29, 487603
List the prime factors of 29989647.
3, 37, 90059
List the prime factors of 3360712061.
7, 79, 6077237
What are the prime factors of 31375254?
2, 3, 73, 71633
What are the prime factors of 317868070?
2, 5, 13, 2445139
List the prime factors of 93314037.
3, 17, 37, 49451
What are the prime factors of 94984727?
653, 145459
What are the prime factors of 138334701?
3, 46111567
List the prime factors of 70024629.
3, 31, 643, 1171
What are the prime factors of 19614142?
2, 839, 11689
What are the prime factors of 8593329?
3, 23, 124541
What are the prime factors of 1166314998?
2, 3, 61, 313, 10181
What are the prime factors of 719858042?
2, 3797, 94793
List the prime factors of 61258068.
2, 3, 1701613
List the prime factors of 47748651.
3, 15916217
List the prime factors of 4912440022.
2, 7, 977, 51307
List the prime factors of 36138872.
2, 7, 11, 17, 29
What are the prime factors of 29409926?
2, 7, 13, 283, 571
List the prime factors of 1159454519.
17, 68203207
What are the prime factors of 35110006?
2, 23, 763261
List the prime factors of 40928991.
3, 43, 317279
What are the prime factors of 3216767554?
2, 7, 11, 13, 1606777
What are the prime factors of 324432721?
43, 7544947
List the prime factors of 2264994207.
3, 7, 23, 1563143
What are the prime factors of 152192536?
2, 19024067
List the prime factors of 6684425.
5, 11, 109, 223
What are the prime factors of 709234645?
5, 7, 17, 1191991
List the prime factors of 173026992.
2, 3, 29, 124301
What are the prime factors of 27147858?
2, 3, 47, 96269
List the prime factors of 4110405988.
2, 13, 79046269
List the prime factors of 5107293161.
18211, 280451
What are the prime factors of 279115328?
2, 47, 92791
What are the prime factors of 47141668?
2, 7, 1683631
What are the prime factors of 2913923059?
2913923059
What are the prime factors of 3000712123?
19, 139, 1136203
What are the prime factors of 782934843?
3, 19, 359, 38261
What are the prime factors of 139319957?
7, 43, 257, 1801
What are the prime factors of 508733779?
16981, 29959
What are the prime factors of 2123557524?
2, 3, 11, 23, 107, 2179
What are the prime factors of 193455134?
2, 96727567
What are the prime factors of 35313912?
2, 3, 313, 1567
What are the prime factors of 196552133?
196552133
What are the prime factors of 47163574?
2, 2617, 9011
List the prime factors of 4117459.
463, 8893
What are the prime factors of 98538222?
2, 3, 17, 631, 1531
List the prime factors of 2179797287.
19, 2027, 56599
List the prime factors of 1072321149.
3, 357440383
What are the prime factors of 91067099?
91067099
What are the prime factors of 3872005151?
7, 29, 283, 67399
List the prime factors of 352805897.
227, 281, 5531
What are the prime factors of 1376001299?
19, 7883, 9187
List the prime factors of 73022144.
2, 13, 87767
List the prime factors of 90025952.
2, 19, 263, 563
What are the prime factors of 538998814?
2, 29, 181, 51343
List the prime factors of 1829576023.
11, 17, 889439
List the prime factors of 23047176.
2, 3, 960299
What are the prime factors of 510674354?
2, 479, 533063
What are the prime factors of 164040483?
3, 97, 313, 1801
What are the prime factors of 167034086?
2, 151, 553093
What are the prime factors of 37844470?
2, 5, 3784447
List the prime factors of 1155954840.
2, 3, 5, 2333, 4129
What are the prime factors of 402493916?
2, 11, 831599
What are the prime factors of 79680263?
13, 431, 14221
What are the prime factors of 38252202?
2, 3, 31, 205657
What are the prime factors of 4220682982?
2, 2110341491
What are the prime factors of 5044297082?
2, 11, 229286231
What are the prime factors of 790828417?
37, 1063, 20107
What are the prime factors of 445054177?
101, 4406477
What are the prime factors of 1796537767?
53, 211, 160649
What are the prime factors of 43438309?
277, 156817
What are the prime factors of 396864514?
2, 19, 10443803
List the prime factors of 13525824.
2, 3, 13, 5419
List the prime factors of 348458289.
3, 3889, 29867
What are the prime factors of 324341770?
2, 5, 929, 34913
List the prime factors of 507379498.
2, 83, 397, 7699
List the prime factors of 121675018.
2, 17, 37, 311
List the prime factors of 1684519760.
2, 5, 7, 11, 151, 1811
List the prime factors of 249048324.
2, 3, 7, 23, 14323
What are the prime factors of 69993122?
2, 37, 643, 1471
What are the prime factors of 244003949?
7, 34857707
What are the prime factors of 1625521674?
2, 3, 7, 17, 101, 22541
List the prime factors of 204929550.
2, 3, 5, 7, 67, 971
What are the prime factors of 146461632?
2, 3, 762821
List the prime factors of 78114525.
3, 5, 59, 127, 139
What are the prime factors of 53022866?
2, 13, 23, 88667
List the prime factors of 273011272.
2, 347, 98347
What are the prime factors of 396188256?
2, 3, 29, 101, 1409
List the prime factors of 68956145.
5, 13791229
List the prime factors of 20241964.
2, 373, 13567
What are the prime factors of 3581383310?
2, 5, 53, 6757327
List the prime factors of 82349632.
2, 17, 75689
What are the prime factors of 20000966?
2, 2083, 4801
List the prime factors of 124853141.
7, 73, 3347
What are the prime factors of 25772660?
2, 5, 103, 12511
List the prime factors of 725558581.
11, 307, 214853
List the prime factors of 76206055.
5, 19, 29, 139, 199
List the prime factors of 463698867.
3, 154566289
List the prime factors of 1553708229.
3, 517902743
What are the prime factors of 18375318?
2, 3, 13, 19, 4133
What are the prime factors of 51376253?
83, 618991
List the prime factors of 89738920.
2, 5, 17, 131969
What are the prime factors of 364101045?
3, 5, 7, 11, 31, 10169
List the prime factors of 2075782966.
2, 1037891483
What are the prime factors of 749509115?
5, 149901823
What are the prime factors of 314657158?
2, 23, 79, 86587
List the prime factors of 137873953.
7, 43, 458053
List the prime factors of 23835615.
3, 5, 17, 211, 443
What are the prime factors of 1538776832?
2, 6010847
What are the prime factors of 148861698?
2, 3, 29, 855527
What are the prime factors of 272